Convert 86 (base 9) to base 14.
58
What is -202 (base 10) in base 15?
-d7
What is 50 (base 15) in base 5?
300
What is 25 (base 6) in base 8?
21
What is 10 (base 3) in base 16?
3
Convert 2 (base 8) to base 5.
2
What is -92 (base 13) in base 3?
-11102
0 (base 14) to base 12
0
2 (base 10) to base 5
2
Convert 2c (base 14) to base 4.
220
8 (base 13) to base 9
8
-3 (base 15) to base 12
-3
What is 3 (base 16) in base 3?
10
Convert -252 (base 6) to base 7.
-206
Convert -10 (base 8) to base 14.
-8
184 (base 11) to base 6
553
What is -220 (base 5) in base 15?
-40
What is 3 (base 11) in base 3?
10
-5 (base 6) to base 5
-10
Convert -12 (base 7) to base 10.
-9
0 (base 7) to base 9
0
Convert -4 (base 5) to base 3.
-11
-2 (base 15) to base 11
-2
7 (base 10) to base 15
7
What is -12 (base 9) in base 8?
-13
What is 0 (base 6) in base 5?
0
Convert 132 (base 5) to base 6.
110
Convert 32 (base 7) to base 15.
18
-1 (base 6) to base 10
-1
a4 (base 11) to base 9
136
-302 (base 4) to base 14
-38
What is -1112 (base 4) in base 15?
-5b
Convert 28 (base 16) to base 10.
40
34 (base 12) to base 8
50
Convert 36 (base 11) to base 15.
29
Convert 12 (base 3) to base 12.
5
Convert -2 (base 5) to base 14.
-2
-58 (base 9) to base 11
-49
-4 (base 10) to base 8
-4
Convert -2 (base 10) to base 9.
-2
What is -9 (base 13) in base 9?
-10
Convert -1000 (base 2) to base 9.
-8
Convert -25 (base 11) to base 6.
-43
Convert -46 (base 10) to base 5.
-141
-16 (base 9) to base 10
-15
-24 (base 5) to base 12
-12
-125 (base 10) to base 12
-a5
Convert 33 (base 6) to base 5.
41
Convert -31 (base 9) to base 12.
-24
0 (base 5) to base 11
0
What is 7 (base 9) in base 14?
7
What is 10 (base 4) in base 5?
4
-10 (base 7) to base 10
-7
Convert -3 (base 12) to base 15.
-3
Convert 18 (base 12) to base 6.
32
-1100011 (base 2) to base 11
-90
What is 4 (base 10) in base 5?
4
Convert -2a (base 14) to base 4.
-212
Convert -102 (base 3) to base 12.
-b
What is 22 (base 14) in base 15?
20
What is -1002 (base 3) in base 5?
-104
60 (base 16) to base 4
1200
45 (base 15) to base 8
101
-28 (base 10) to base 11
-26
What is 442 (base 7) in base 12?
16a
What is -22 (base 5) in base 8?
-14
Convert 2b (base 12) to base 3.
1022
What is -1 (base 7) in base 16?
-1
5 (base 11) to base 15
5
What is 7 (base 10) in base 9?
7
10 (base 12) to base 8
14
What is 11 (base 3) in base 9?
4
-102 (base 4) to base 14
-14
What is -2 (base 8) in base 14?
-2
Convert 22 (base 4) to base 14.
a
202 (base 6) to base 10
74
Convert -2 (base 14) to base 15.
-2
What is -25 (base 7) in base 9?
-21
Convert 2010 (base 5) to base 16.
ff
What is -1111 (base 4) in base 5?
-320
Convert -8 (base 11) to base 4.
-20
-14 (base 14) to base 7
-24
140 (base 10) to base 14
a0
1 (base 9) to base 8
1
11 (base 5) to base 4
12
-74 (base 10) to base 11
-68
What is -110 (base 4) in base 8?
-24
11 (base 3) to base 2
100
Convert 3 (base 16) to base 9.
3
What is 17 (base 11) in base 12?
16
Convert 2 (base 14) to base 15.
2
-7 (base 9) to base 6
-11
What is -2 (base 3) in base 10?
-2
What is 70 (base 15) in base 13?
81
Convert 31 (base 6) to base 8.
23
What is 77 (base 11) in base 15?
59
122 (base 6) to base 13
3b
What is 1 (base 13) in base 12?
1
What is -17 (base 9) in base 5?
-31
Convert 5 (base 6) to base 12.
5
-14 (base 5) to base 10
-9
Convert 11 (base 9) to base 14.
a
-1 (base 12) to base 5
-1
-1231 (base 4) to base 7
-214
Convert 1 (base 4) to base 16.
1
-1 (base 10) to base 16
-1
Convert -11 (base 6) to base 14.
-7
22 (base 6) to base 2
1110
-a (base 11) to base 7
-13
Convert -124 (base 16) to base 8.
-444
Convert 112 (base 8) to base 6.
202
Convert 5 (base 11) to base 9.
5
Convert -3 (base 12) to base 7.
-3
Convert -2231 (base 5) to base 11.
-268
What is 2 (base 4) in base 13?
2
0 (base 6) to base 9
0
What is 52 (base 14) in base 10?
72
What is -1102 (base 4) in base 14?
-5c
What is -8 (base 10) in base 15?
-8
110 (base 5) to base 4
132
What is -6 (base 16) in base 8?
-6
-3a (base 16) to base 9
-64
-4 (base 8) to base 2
-100
What is -11b (base 12) in base 5?
-1132
What is 99 (base 11) in base 9?
130
-22 (base 6) to base 4
-32
-11 (base 4) to base 7
-5
111010 (base 2) to base 15
3d
What is -2 (base 6) in base 8?
-2
Convert 6a (base 13) to base 6.
224
-10 (base 2) to base 12
-2
Convert 20 (base 9) to base 5.
33
-39 (base 10) to base 5
-124
Convert -2 (base 14) to base 8.
-2
What is 222 (base 9) in base 16?
b6
Convert 41 (base 10) to base 9.
45
-6 (base 11) to base 14
-6
What is 11 (base 2) in base 11?
3
4a (base 11) to base 8
66
-413 (base 6) to base 16
-99
Convert -10 (base 14) to base 5.
-24
What is 83 (base 9) in base 14?
55
Convert 5 (base 7) to base 10.
5
Convert -4 (base 11) to base 14.
-4
-1101 (base 2) to base 13
-10
4 (base 11) to base 5
4
-3 (base 11) to base 15
-3
Convert -191 (base 12) to base 9.
-311
What is -50 (base 10) in base 9?
-55
-2 (base 3) to base 9
-2
What is -121 (base 6) in base 15?
-34
Convert 1100000 (base 2) to base 15.
66
What is 0 (base 4) in base 12?
0
What is 10 (base 5) in base 4?
11
What is -1 (base 9) in base 10?
-1
-1110 (base 2) to base 3
-112
3 (base 11) to base 16
3
0 (base 8) to base 14
0
What is 78 (base 10) in base 3?
2220
What is -6 (base 11) in base 4?
-12
8 (base 16) to base 12
8
-13 (base 13) to base 2
-10000
Convert -61 (base 10) to base 8.
-75
What is -34 (base 7) in base 16?
-19
What is 0 (base 11) in base 10?
0
Convert -14 (base 13) to base 16.
-11
What is -255 (base 6) in base 2?
-1101011
Convert 4 (base 15) to base 7.
4
-112 (base 3) to base 4
-32
What is -10010 (base 2) in base 8?
-22
Convert -3a (base 15) to base 6.
-131
What is -2 (base 11) in base 15?
-2
0 (base 8) to base 11
0
-a (base 11) to base 3
-101
What is 5a (base 12) in base 13?
55
What is 21 (base 8) in base 9?
18
-4 (base 15) to base 16
-4
What is -11 (base 5) in base 14?
-6
Convert -72 (base 16) to base 4.
-1302
cc (base 16) to base 3
21120
31 (base 9) to base 2
11100
-32 (base 4) to base 15
-e
-24 (base 5) to base 8
-16
322 (base 10) to base 3
102221
What is 61 (base 7) in base 2?
101011
What is -3 (base 6) in base 12?
-3
10 (base 4) to base 6
4
What is 310 (base 7) in base 4?
2122
-6 (base 11) to base 7
-6
15 (base 13) to base 16
12
What is 1131 (base 4) in base 15?
63
What is 1 (base 5) in base 7?
1
12 (base 5) to base 10
7
What is 10 (base 12) in base 11?
11
What is 128 (base 11) in base 8?
227
What is 24 (base 7) in base 12?
16
What is -64 (base 9) in base 10?
-58
Convert 0 (base 13) to base 7.
0
Convert 40 (base 7) to base 11.
26
What is -3 (base 16) in base 3?
-10
Convert 66 (base 8) to base 5.
204
What is 1aa (base 16) in base 4?
12222
Convert -1 (base 14) to base 6.
-1
11 (base 3) to base 14
4
Convert -22 (base 11) to base 5.
-44
What is -3 (base 13) in base 3?
-10
-14a (base 13) to base 10
-231
What is 1010101 (base 2) in base 16?
55
Convert 2 (base 3) to base 7.
2
Convert 84 (base 15) to base 13.
97
-6 (base 15) to base 6
-10
What is 0 (base 16) in base 12?
0
-31 (base 11) to base 7
-46
1a (base 14) to base 7
33
Convert 10 (base 3) to base 12.
3
Convert -58 (base 10) to base 7.
-112
20 (base 7) to base 4
32
Convert 11 (base 14) to base 12.
13
What is 465 (base 8) in base 16?
135
Convert -10 (base 3) to base 4.
-3
What is -11 (base 16) in base 7?
-23
What is 20 (base 10) in base 7?
26
Convert 4 (base 11) to base 10.
4
-10 (base 11) to base 12
-b
Convert -3 (base 15) to base 3.
-10
2 (base 5) to base 13
2
Convert -8 (base 11) to base 4.
-20
-2 (base 4) to base 12
-2
Convert 1 (base 4) to base 2.
1
Convert 1 (base 6) to base 5.
1
Convert 3 (base 7) to base 2.
11
What is 2010 (base 4) in base 12?
b0
-2 (base 8) to base 5
-2
Convert -53 (base 15) to base 13.
-60
What is -12 (base 8) in base 14?
-a
What is 4 (base 13) in base 8?
4
What is 53 (base 11) in base 2?
111010
Convert 1 (base 11) to base 13.
1
What is 1221 (base 4) in base 13?
81
What is -10 (base 8) in base 2?
-1000
40 (base 6) to base 16
18
Convert 16 (base 8) to base 9.
15
What is 1 (base 2) in base 10?
1
What is 10 (base 4) in base 14?
4
What is -3 (base 12) in base 7?
-3
4 (base 13) to base 5
4
What is 47 (base 8) in base 11?
36
Convert 12 (base 13) to base 4.
33
-2 (base 5) to base 8
-2
Convert 103 (base 4) to base 16.
13
What is 1 (base 16) in base 5?
1
Convert 62 (base 12) t